Back to Top

Language: 

NOAA Climate Reports...


Report for 2018 May
                   Monthly Climatological Summary for May 2018

Name: www.delerius-weather.com   City: Worsbrough   State: South Yorkshire
Elevation: 93 m  Lat: N 53° 32' 12"   Lon: W 001° 28' 36"

                  Temperature (°C), Rain (mm), Wind Speed (mph)

                                      Heat  Cool        Avg
    Mean                              Deg   Deg         Wind                 Dom
Day Temp  High   Time   Low    Time   Days  Days  Rain  Speed High   Time    Dir
----------------------------------------------------------------------------------
 1   9.6  14.5   15:12   3.3   03:05   8.7   0.0   0.0  10.2  31.0   23:50   WSW
 2   9.6  13.7   15:13   7.0   23:56   8.7   0.0   4.0  11.3  34.0   00:24   WSW
 3  10.9  15.8   13:56   5.1   03:13   7.4   0.0   0.0   6.5  22.0   16:55     W
 4  14.1  19.8   16:27   8.8   05:57   4.3   0.1   0.0   3.8  18.0   13:56   WSW
 5  15.8  24.1   18:35   5.9   05:54   4.1   1.5   0.0   3.1  20.0   10:04   SSW
 6  17.5  24.6   15:44   8.9   05:28   2.9   2.2   0.0   2.7  19.0   12:09   SSE
 7  19.0  26.9   15:53   8.6   05:32   2.6   3.3   0.0   3.0  16.0   15:35   SSE
 8  16.9  24.5   14:33  10.3   23:51   2.9   1.5   0.4   5.0  27.0   17:07     W
 9  12.5  18.1   15:15   5.7   05:47   5.8   0.0   0.2   4.4  21.0   13:14    SW
10  11.8  16.3   17:28   6.2   23:59   6.5   0.0   0.2   7.3  27.0   15:31     W
11  11.3  16.4   14:58   4.4   04:45   6.8   0.0   0.0   6.9  30.0   16:00   SSE
12  13.0  17.3   12:45   8.8   06:15   5.3   0.0   1.2   3.0  24.0   00:05     S
13  13.6  19.7   15:54   8.6   23:57   4.8   0.1   1.8   5.2  20.0   11:48   WNW
14  14.3  22.3   16:58   3.9   04:00   4.7   0.7   0.0   2.8  15.0   15:57   NNW
15  16.0  24.8   15:58   6.0   05:27   3.9   1.7   0.0   2.6  16.0   16:05    NW
16  11.3  14.2   02:23   6.4   23:58   7.0   0.0   0.0   5.5  24.0   05:37   NNE
17   9.8  14.6   15:54   3.8   05:47   8.5   0.0   0.0   2.8  14.0   08:25    NE
18  11.7  18.7   13:56   1.7   05:41   6.6   0.0   0.0   1.4  12.0   13:55     E
19  14.7  21.9   14:47   4.8   05:27   4.6   1.0   0.0   3.2  18.0   15:14    SE
20  17.3  23.7   15:38   9.1   05:48   2.7   1.8   0.0   3.4  18.0   14:44   SSE
21  16.0  23.5   16:34   7.8   05:41   3.6   1.3   0.0   2.0  13.0   14:58     E
22  12.7  17.7   15:29   8.7   03:09   5.6   0.0   0.0   6.3  21.0   10:00     N
----------------------------------------------------------------------------------
    13.6  26.9     7     1.7    18   118.0  15.2   7.8   4.6  34.0     2     WSW

Max >=  27.0:  0
Max <=   0.0:  0
Min <=   0.0:  0
Min <= -18.0:  0
Max Rain: 4.0 on day 2
Days of Rain: 6 (>= 0.2 mm)  1 (>= 2.0 mm)  0 (>= 20.0 mm)
Heat Base: 18.3  Cool Base: 18.3  Method: Integration

Data updates at regular intervals.