Back to Top

Language: 

NOAA Climate Reports...


Report for 2018 Sep
                   Monthly Climatological Summary for Sep 2018

Name: www.delerius-weather.com   City: Worsbrough   State: South Yorkshire
Elevation: 93 m  Lat: N 53° 53' 14"   Lon: W 001° 47' 53"

                  Temperature (°C), Rain (mm), Wind Speed (mph)

                                      Heat  Cool        Avg
    Mean                              Deg   Deg         Wind                 Dom
Day Temp  High   Time   Low    Time   Days  Days  Rain  Speed High   Time    Dir
----------------------------------------------------------------------------------
 1  19.9  24.6   16:45   7.7   06:30   0.1   0.6   0.0   1.5  23.0   10:59    SW
 2  20.1  25.0   14:09  15.2   06:51   0.9   2.7   0.0   4.1  23.0   10:47   SSW
 3  17.1  23.2   12:31  12.1   23:01   1.8   0.7   1.0   3.8  19.0   14:55    NW
 4  13.4  16.2   16:19  11.2   07:32   4.9   0.0   0.6   3.7  15.0   01:26     N
 5  13.5  18.8   16:22   7.1   06:21   4.8   0.0   0.0   2.3  14.0   21:08   NNW
 6  12.5  16.1   16:39   8.2   23:51   5.8   0.0   0.8   4.9  21.0   18:09   WNW
 7  12.0  17.7   13:29   5.9   05:32   6.3   0.0   0.0   9.6  32.0   14:30     W
 8  13.3  16.3   13:35   9.7   02:27   5.0   0.0   2.2   3.8  24.0   13:54   WSW
 9  15.8  20.6   12:58  13.8   23:08   2.6   0.1   0.0   7.9  32.0   12:29    SW
10  14.4  17.2   17:39  12.3   05:43   3.9   0.0   0.0   8.3  26.0   16:01   WSW
11  15.5  18.4   16:02  12.4   08:25   2.8   0.0   0.4   9.2  32.0   05:00     W
12  12.9  19.0   15:08   6.8   23:50   5.5   0.0   2.6   5.9  23.0   12:54     W
13  13.2  18.6   15:18   6.4   00:56   5.1   0.0   0.0   6.4  24.0   12:37   WSW
14  13.9  16.3   16:16  11.2   01:07   4.4   0.0   0.0   7.8  28.0   09:18   WSW
15  14.2  17.8   15:56  11.6   03:28   4.1   0.0   0.4   4.8  19.0   12:06   WSW
16  15.7  20.3   13:15  11.7   23:58   2.8   0.2   0.2   9.0  35.0   06:21    SW
17  16.6  23.4   13:36  10.4   06:10   2.8   1.1   0.2   4.8  29.0   16:27   SSW
18  17.7  21.5   16:38  13.8   03:08   1.3   0.7   3.6  11.3  37.0   12:11    SW
19  15.9  20.0   12:51  12.4   23:54   2.6   0.1   0.2  11.4  47.0   12:16    SW
20  12.6  16.3   23:16  10.8   06:45   5.7   0.0  33.8   5.0  29.0   22:10   SSW
----------------------------------------------------------------------------------
    15.0  25.0     2     5.9     7    73.2   6.2  46.0   6.5  47.0    19     WSW

Max >=  27.0:  0
Max <=   0.0:  0
Min <=   0.0:  0
Min <= -18.0:  0
Max Rain: 33.8 on day 20
Days of Rain: 12 (>= 0.2 mm)  4 (>= 2.0 mm)  1 (>= 20.0 mm)
Heat Base: 18.3  Cool Base: 18.3  Method: Integration

Data updates at regular intervals.