Back to Top

NOAA Climate Reports...


Report for 2020 Jan
                   Monthly Climatological Summary for Jan 2020

Name: www.delerius-weather.com   City: Worsbrough   State: South Yorkshire
Elevation: 42 m  Lat: N 53° 39' 10"   Lon: W 000° 36' 49"

                  Temperature (°C), Rain (mm), Wind Speed (mph)

                                      Heat  Cool        Avg
    Mean                              Deg   Deg         Wind                 Dom
Day Temp  High   Time   Low    Time   Days  Days  Rain  Speed High   Time    Dir
----------------------------------------------------------------------------------
 1   4.7   6.1   23:45   2.9   00:00  13.6   0.0   0.0   8.2  21.0   13:23   SSW
 2   8.1  10.1   21:23   6.1   00:00  10.2   0.0   0.0  19.3  39.0   10:40   SSW
 3   7.1   9.9   00:00   5.4   17:10  11.2   0.0   0.6  11.1  32.0   00:28     W
 4   7.5   8.9   14:27   6.1   00:00  10.8   0.0   0.2  11.7  27.0   11:04     W
 5   7.8   9.2   13:30   6.1   00:00  10.5   0.0   0.0  14.3  29.0   10:27   SSW
 6   7.5   8.3   16:06   6.1   23:55  10.7   0.0   0.0  17.1  43.0   10:54   SSW
 7   8.8  13.1   19:17   4.6   03:56   9.5   0.0   0.2  19.5  51.0   14:51   SSW
 8   8.9  12.8   00:00   5.4   20:58   9.4   0.0   1.6   9.0  28.0   00:01   WSW
 9   6.6  10.8   11:11   4.6   22:52  11.7   0.0   8.4  10.7  32.0   08:52     W
10   4.7   7.2   14:37   2.9   08:10  13.6   0.0   0.0  10.7  31.0   22:48   WSW
11   8.9  10.9   18:11   5.7   00:00   9.4   0.0   1.2  23.0  48.0   11:02   SSW
12   7.0   8.4   00:00   4.2   22:40  11.3   0.0   3.4   9.8  23.0   10:35    SW
13   5.8   8.3   14:03   3.1   07:25  12.5   0.0   1.8  16.1  56.0   18:55     S
14   7.8  13.3   16:57   5.2   07:39  10.5   0.0   2.6  17.4  46.0   16:20   SSW
15   6.9   8.5   14:02   5.6   22:18  11.4   0.0   0.0  16.6  32.0   17:57    SW
16   6.5   9.8   16:22   3.7   06:34   8.4   0.0   0.0  14.1  38.0   15:54     S
17   4.9   5.9   16:07   0.0   13:20   6.0   0.0   0.4  10.8  33.0   12:26   WSW
18   4.1   6.8   13:57   1.9   22:02  14.2   0.0   0.0   9.5  27.0   01:20     W
19   2.9   5.3   14:37   0.5   08:21  15.4   0.0   0.0   6.0  13.0   22:30     W
20   4.6   7.4   13:08   2.3   02:42  13.7   0.0   0.0   7.6  23.0   12:34   WSW
21   4.8   8.0   15:01   1.7   04:17  13.5   0.0   0.0   5.7  15.0   17:43     W
22   5.6   8.5   15:36   3.0   22:04  12.7   0.0   0.2   2.2   9.0   00:29     W
23   6.1   7.3   13:54   4.0   00:50  12.2   0.0   0.0   4.6  13.0   21:37    SW
24   6.8   8.7   13:05   5.1   22:20  11.5   0.0   0.0   3.6  13.0   12:02     W
25   5.9   6.5   10:31   5.3   17:58  12.4   0.0   0.0  10.6  27.0   13:34   SSW
26   6.8   8.6   11:46   3.9   23:52  11.5   0.0   1.8  12.2  33.0   12:01     S
27   5.5   7.5   13:01   3.9   00:00  12.8   0.0   0.4  12.6  26.0   06:20   SSW
28   4.1   6.3   13:17   2.2   07:41  14.2   0.0   0.2  11.3  33.0   16:16   WSW
----------------------------------------------------------------------------------
     6.3  13.3    14     0.0    17   324.8   0.0  23.0  11.6  56.0    13      SW

Max >=  27.0:  0
Max <=   0.0:  0
Min <=   0.0:  1
Min <= -18.0:  0
Max Rain: 8.4 on day 9
Days of Rain: 14 (>= 0.2 mm)  3 (>= 2.0 mm)  0 (>= 20.0 mm)
Heat Base: 18.3  Cool Base: 18.3  Method: Integration

Data updates at regular intervals.