Back to Top

NOAA Climate Reports...


Report for 2019 Sep
                   Monthly Climatological Summary for Sep 2019

Name: www.delerius-weather.com   City: Worsbrough   State: South Yorkshire
Elevation: 93 m  Lat: N 53° 53' 14"   Lon: W 001° 47' 53"

                  Temperature (°C), Rain (mm), Wind Speed (mph)

                                      Heat  Cool        Avg
    Mean                              Deg   Deg         Wind                 Dom
Day Temp  High   Time   Low    Time   Days  Days  Rain  Speed High   Time    Dir
----------------------------------------------------------------------------------
 1  13.0  17.3   13:41  10.0   06:14   5.3   0.0   0.4   7.2  28.0   15:33     W
 2  14.3  17.5   11:24   9.9   00:45   4.0   0.0   0.2   8.8  31.0   20:48   WSW
 3  16.9  20.3   12:27  14.1   05:52   1.6   0.2   0.0   8.3  26.0   09:06   WSW
 4  14.6  17.4   14:05  11.8   23:51   3.7   0.0   2.8  10.3  30.0   13:26     W
 5  13.0  17.6   16:40   7.5   04:31   5.3   0.0   0.0   7.9  27.0   14:06   WNW
 6  14.4  18.3   14:30  12.4   23:15   3.9   0.0   0.4  11.1  31.0   13:28     W
 7  12.8  17.7   15:56   6.3   23:55   5.5   0.0   0.0   4.4  18.0   00:08   NNW
 8  11.5  19.1   15:02   2.8   06:16   6.8   0.0   0.0   1.5  15.0   14:01     W
 9  12.1  13.1   16:50  11.3   03:14   6.2   0.0   2.8   2.6  15.0   08:56   SSE
10  13.3  18.0   15:28   8.2   05:25   5.0   0.0   0.0   4.3  22.0   15:19     W
11  16.3  20.1   12:22  12.4   00:00   2.2   0.2   0.2  10.6  40.0   11:39     W
12  17.0  23.1   14:46  13.1   23:57   2.2   0.9   0.0   7.6  33.0   15:48   WSW
13  13.8  19.9   15:14   7.4   07:01   4.7   0.2   0.0   4.5  18.0   13:55   WNW
14  13.6  21.1   16:21   4.7   06:06   5.1   0.4   0.0   4.4  22.0   13:24    SW
15  15.1  17.7   09:19  11.0   22:59   3.2   0.0   3.6   5.7  28.0   03:13     W
16  13.5  18.6   16:49   9.7   23:57   4.8   0.0   0.8   2.8  13.0   14:09    NW
17  12.7  19.0   16:13   7.3   23:57   5.6   0.0   0.0   4.3  19.0   09:27    NW
18  11.6  18.4   16:17   4.2   06:41   6.7   0.0   0.0   2.0  13.0   15:01   WNW
19  14.2  22.4   15:14   6.1   06:47   5.0   0.9   0.0   0.8   9.0   15:06    SW
20  14.4  21.3   15:33   6.9   06:49   4.5   0.6   0.0   3.8  18.0   13:43    SE
21  14.9  23.0   16:22   6.8   05:12   4.5   1.1   0.0   3.2  19.0   13:35   ESE
----------------------------------------------------------------------------------
    14.0  23.1    12     2.8     8    95.8   4.5  11.2   5.5  40.0    11       W

Max >=  27.0:  0
Max <=   0.0:  0
Min <=   0.0:  0
Min <= -18.0:  0
Max Rain: 3.6 on day 15
Days of Rain: 8 (>= 0.2 mm)  3 (>= 2.0 mm)  0 (>= 20.0 mm)
Heat Base: 18.3  Cool Base: 18.3  Method: Integration

Data updates at regular intervals.