Back to Top

NOAA Climate Reports...


Report for 2021 Feb
                   Monthly Climatological Summary for Feb 2021

Name: www.delerius-weather.com   City: Winterton   State: North Lincolnshire
Elevation: 42 m  Lat: N 53° 39' 10"   Lon: W 000° 36' 49"

                  Temperature (°C), Rain (mm), Wind Speed (mph)

                                      Heat  Cool        Avg
    Mean                              Deg   Deg         Wind                 Dom
Day Temp  High   Time   Low    Time   Days  Days  Rain  Speed High   Time    Dir
----------------------------------------------------------------------------------
 1   2.7   5.9   13:02   0.3   05:22  15.6   0.0   0.0   2.8  12.0   00:11   ENE
 2   3.5   6.5   23:19   0.9   05:22  14.8   0.0  14.4   5.2  23.0   07:06     E
 3   5.0   7.1   04:19   3.7   07:15  13.3   0.0   0.2   4.5  15.0   12:55     W
 4   5.8   9.4   15:00   4.1   06:06  12.5   0.0   2.6   2.4  15.0   15:16   ESE
 5   6.9   9.3   13:50   5.8   22:42  11.4   0.0   3.6   1.6  11.0   11:26   ESE
 6   4.3   6.0   00:02   0.6   20:47  14.0   0.0  10.2   9.9  27.0   23:53     E
 7   2.1   3.3   01:15   0.7   23:49  16.2   0.0   0.2  15.1  33.0   18:37   ENE
 8   0.2   1.7   13:31  -0.8   17:47  18.1   0.0   0.6  11.9  38.0   03:14   ENE
 9  -0.4   2.1   13:36  -2.1   08:29  18.7   0.0   1.4   6.6  25.0   12:19   ENE
10  -0.5   1.9   14:01  -2.4   08:19  18.8   0.0   0.8   5.6  20.0   09:24    NE
11  -1.0   2.9   12:36  -4.2   23:49  19.3   0.0   0.8   1.0  10.0   12:10   ESE
12  -1.5   1.4   11:01  -4.2   00:00  19.8   0.0   0.2   4.3  20.0   13:12   ESE
13  -1.1   0.4   15:23  -3.4   06:13  19.4   0.0   0.0   8.7  29.0   12:03    SE
14   1.0   2.7   23:49  -0.1   02:00  17.3   0.0   2.8  15.8  37.0   12:22   SSE
15   6.4  10.6   15:55   2.7   00:00  11.9   0.0   0.0  11.6  29.0   21:32     S
16   8.9  10.9   13:05   5.9   23:48   9.4   0.0   2.4  14.1  34.0   02:36   SSW
17   8.7  11.0   14:58   5.4   02:31   9.6   0.0   0.4  15.5  40.0   22:41   SSW
18   8.0  10.2   00:28   5.6   22:50  10.3   0.0   4.0  16.7  39.0   00:19   SSW
19   7.8  11.0   23:54   3.5   02:59  10.5   0.0   0.0  18.8  45.0   12:33     S
20  11.5  12.9   14:34   9.8   05:40   6.8   0.0   0.2  14.1  35.0   22:46   SSE
21  10.4  12.2   00:00   8.7   21:35   7.9   0.0   0.0   7.2  32.0   00:03     S
22   7.5  10.1   16:07   4.5   21:29  10.8   0.0   0.4   4.1  16.0   09:50    SW
23   9.6  12.9   15:03   4.0   00:39   8.7   0.0   0.2  21.1  51.0   15:53     S
24  13.4  16.3   13:48   9.2   23:58   4.9   0.0   0.0  23.3  42.0   12:33   SSW
25   8.0  10.8   13:51   4.2   23:19  10.3   0.0   0.2   7.7  25.0   13:07     W
----------------------------------------------------------------------------------
     5.1  16.3    24    -4.2    11   330.3   0.0  45.6  10.0  51.0    23     SSE

Max >=  27.0:  0
Max <=   0.0:  0
Min <=   0.0:  7
Min <= -18.0:  0
Max Rain: 14.4 on day 2
Days of Rain: 19 (>= 0.2 mm)  7 (>= 2.0 mm)  0 (>= 20.0 mm)
Heat Base: 18.3  Cool Base: 18.3  Method: Integration

Data updates at regular intervals.