Back to Top

NOAA Climate Reports...


Report for 2019 Jul
                   Monthly Climatological Summary for Jul 2019

Name: www.delerius-weather.com   City: Worsbrough   State: South Yorkshire
Elevation: 93 m  Lat: N 53° 53' 14"   Lon: W 001° 47' 53"

                  Temperature (°C), Rain (mm), Wind Speed (mph)

                                      Heat  Cool        Avg
    Mean                              Deg   Deg         Wind                 Dom
Day Temp  High   Time   Low    Time   Days  Days  Rain  Speed High   Time    Dir
----------------------------------------------------------------------------------
 1  16.0  20.5   14:48  12.1   23:59   2.5   0.2   0.0  11.5  32.0   15:34     W
 2  15.3  20.7   16:15   8.6   05:28   3.3   0.4   0.0   5.6  22.0   11:27   WNW
 3  16.3  22.8   15:19   7.5   05:12   3.1   1.1   0.0   2.1  11.0   07:02   NNE
 4  17.5  24.1   15:09  10.3   04:54   2.3   1.4   0.0   6.2  24.0   15:40     W
 5  18.7  23.6   17:34  14.5   05:38   1.3   1.7   0.0   7.6  24.0   18:40   WNW
 6  17.2  22.6   16:35  13.8   23:58   1.8   0.8   0.4   5.7  20.0   11:07   WNW
 7  15.6  22.4   15:59   8.2   04:58   3.3   0.7   0.0   2.3  18.0   20:46     E
 8  15.5  20.9   14:36  10.2   05:45   3.2   0.3   0.6   2.8  14.0   13:20   ESE
 9  15.6  19.2   16:04  12.1   03:39   2.8   0.1   0.2   2.5  15.0   17:14   WSW
10  18.9  23.1   13:12  14.7   05:37   1.0   1.6   0.0   3.4  19.0   15:09     W
11  18.8  25.2   15:03  14.7   04:55   1.1   1.6   0.8   4.8  20.0   14:48     W
12  18.2  24.3   17:13  12.8   03:08   1.6   1.5   0.0   8.3  25.0   19:45   WNW
13  17.6  22.2   13:42  13.8   03:27   1.5   0.9   0.0   4.9  21.0   02:35    NW
14  16.5  20.7   16:18  12.6   23:59   2.1   0.3   0.2   2.6  14.0   13:00   ENE
15  17.1  25.4   17:52   8.1   05:13   3.1   1.9   0.0   1.3  12.0   17:55   SSE
16  18.6  25.6   16:49  11.6   04:46   1.7   1.9   0.0   2.8  16.0   17:48     W
17  18.8  23.4   11:58  15.3   03:52   1.2   1.7   1.2   4.6  23.0   14:41    SW
18  17.6  21.1   16:54  13.8   23:52   1.4   0.7   0.2   6.8  25.0   18:38     W
19  15.1  18.0   19:17  12.0   04:55   3.2   0.0   9.2   4.4  24.0   23:27     S
20  17.7  21.6   12:50  13.4   23:59   1.2   0.6   0.2   9.9  36.0   15:38   WSW
21  17.6  21.7   15:22  11.9   04:46   1.8   1.1   0.0   6.3  31.0   23:20    SW
22  22.3  27.1   17:03  17.4   00:34   0.1   4.1   0.2  10.6  32.0   08:02   WSW
----------------------------------------------------------------------------------
    17.4  27.1    22     7.5     3    44.6  24.6  13.2   5.3  36.0    20       W

Max >=  27.0:  1
Max <=   0.0:  0
Min <=   0.0:  0
Min <= -18.0:  0
Max Rain: 9.2 on day 19
Days of Rain: 10 (>= 0.2 mm)  1 (>= 2.0 mm)  0 (>= 20.0 mm)
Heat Base: 18.3  Cool Base: 18.3  Method: Integration

Data updates at regular intervals.