Back to Top

NOAA Climate Reports...


Report for 2020 Sep
                   Monthly Climatological Summary for Sep 2020

Name: www.delerius-weather.com   City: Winterton   State: North Lincolnshire
Elevation: 42 m  Lat: N 53° 39' 10"   Lon: W 000° 36' 49"

                  Temperature (°C), Rain (mm), Wind Speed (mph)

                                      Heat  Cool        Avg
    Mean                              Deg   Deg         Wind                 Dom
Day Temp  High   Time   Low    Time   Days  Days  Rain  Speed High   Time    Dir
----------------------------------------------------------------------------------
 1  13.2  19.3   16:44   6.9   06:30   5.1   0.1   0.0   2.4  14.0   18:10   SSE
 2  13.8  19.8   12:17   7.8   05:56   4.5   0.0  11.4  10.0  30.0   11:47   SSW
 3  16.8  20.1   14:51  14.4   21:59   1.7   0.2   0.0  13.2  32.0   01:46    SW
 4  14.1  17.0   13:30  11.5   06:30   4.2   0.0   0.0   9.8  28.0   14:43   WSW
 5  13.3  16.8   14:47  10.8   05:46   5.0   0.0   0.0  11.4  30.0   13:46     W
 6  13.3  17.5   14:00  11.2   23:51   5.0   0.0   2.4   5.4  15.0   09:21     W
 7  13.9  17.2   18:59  10.5   02:20   4.4   0.0   0.8   8.9  30.0   13:06    SW
 8  19.3  24.1   17:19  14.7   00:27   0.8   1.9   0.0  10.4  25.0   10:12   WSW
 9  16.8  19.0   00:05  10.7   23:59   1.5   0.0   0.0  12.8  31.0   15:54     W
10  11.9  16.2   14:11   7.3   07:15   6.4   0.0   0.0   5.1  18.0   13:36     W
11  14.3  18.7   16:45  10.3   01:53   4.0   0.0   0.0  12.8  30.0   13:20    SW
12  15.3  18.8   15:22  11.2   06:43   3.1   0.0   0.0  11.7  28.0   12:16    SW
13  18.1  24.4   16:16  13.2   04:42   1.7   1.6   0.0  12.9  29.0   13:11    SW
14  18.8  25.7   16:16  12.4   06:47   1.6   2.1   0.0   4.2  16.0   12:20   SSW
15  19.2  26.4   16:45  12.6   05:51   1.6   2.5   0.0   1.2   9.0   13:45   ENE
16  15.1  18.4   00:01  12.1   23:43   3.2   0.0   0.2   6.0  22.0   13:50   NNE
17  13.5  18.1   14:34   8.9   06:54   4.8   0.0   0.0   3.6  16.0   16:41     E
18  13.3  17.2   14:43   9.3   03:13   5.0   0.0   0.0   6.6  23.0   14:00   ENE
19  14.4  17.3   12:56  12.0   05:13   3.9   0.0   0.0   9.2  26.0   13:40   ENE
20  14.1  15.8   15:33  12.8   23:54   4.2   0.0   0.0   6.6  19.0   05:46   ENE
----------------------------------------------------------------------------------
    15.1  26.4    15     6.9     1    71.7   8.4  14.8   8.2  32.0     3      SW

Max >=  27.0:  0
Max <=   0.0:  0
Min <=   0.0:  0
Min <= -18.0:  0
Max Rain: 11.4 on day 2
Days of Rain: 4 (>= 0.2 mm)  2 (>= 2.0 mm)  0 (>= 20.0 mm)
Heat Base: 18.3  Cool Base: 18.3  Method: Integration

Data updates at regular intervals.