Back to Top

Language: 

NOAA Climate Reports...


Report for 2018 Jan
                   Monthly Climatological Summary for Jan 2018

Name: www.delerius-weather.com   City: Worsbrough   State: South Yorkshire
Elevation: 93 m  Lat: N 53° 32' 12"   Lon: W 001° 28' 36"

                  Temperature (°C), Rain (mm), Wind Speed (mph)

                                      Heat  Cool        Avg
    Mean                              Deg   Deg         Wind                 Dom
Day Temp  High   Time   Low    Time   Days  Days  Rain  Speed High   Time    Dir
----------------------------------------------------------------------------------
 1   5.9   7.8   14:13   5.0   03:53  12.4   0.0   1.8   9.8  30.0   21:40     W
 2   6.3   9.7   22:21   4.2   06:44  11.8   0.0   4.0  11.2  48.0   23:24   WSW
 3   7.3   8.4   00:00   6.0   13:46  11.0   0.0   4.0  20.6  50.0   04:00     W
 4   6.6  10.2   13:07   4.8   22:43  11.7   0.0   1.2  11.2  53.0   15:57     W
 5   3.5   5.3   15:20   1.2   20:21  14.6   0.0   0.0   2.3  14.0   00:24   WNW
 6   3.3   5.9   13:47   1.4   23:24  15.0   0.0   1.0   3.7  22.0   11:07   NNE
 7   1.3   5.2   12:43  -3.2   23:06  17.0   0.0   0.0   2.8  15.0   13:29   NNE
 8  -0.8   3.2   15:00  -5.8   06:28  19.1   0.0   0.4   1.3  14.0   16:12   ESE
 9   2.5   3.9   23:50   1.6   02:25  15.8   0.0   0.2   4.9  15.0   01:59    SE
10   5.3   8.3   14:29   3.4   21:30  13.0   0.0   0.8   1.1  11.0   16:05    NW
11   6.1   7.6   13:33   4.9   05:56  12.2   0.0   0.2   2.1  14.0   12:33    NW
12   5.7   6.3   00:00   5.4   10:11  12.6   0.0   0.0   3.4  18.0   21:22    SE
13   5.1   5.7   00:00   4.0   22:40  13.2   0.0   0.0   8.0  21.0   09:47    SE
14   3.5   4.2   01:13   2.6   19:06  14.8   0.0   0.2   7.3  25.0   15:47     S
15   6.5  10.0   10:17   3.2   23:07  11.8   0.0   4.0  12.1  40.0   00:36   WSW
16   2.5   4.2   00:00   0.7   23:09  15.8   0.0   6.2  12.2  37.0   05:25     W
----------------------------------------------------------------------------------
     4.4  10.2     4    -5.8     8   221.8   0.0  24.0   7.1  53.0     4     WSW

Max >=  27.0:  0
Max <=   0.0:  0
Min <=   0.0:  2
Min <= -18.0:  0
Max Rain: 6.2 on day 16
Days of Rain: 12 (>= 0.2 mm)  4 (>= 2.0 mm)  0 (>= 20.0 mm)
Heat Base: 18.3  Cool Base: 18.3  Method: Integration

Data updates at regular intervals.