NOAA Climate Reports...
Select a Month or Yearly Report Report for 2008 Apr Monthly Climatological Summary for Apr 2008 Name: www.delerius-weather.com City: Winterton State: North Lincolnshire Elevation: 42 m Lat: N 53° 39' 10" Lon: W 000° 36' 49" Temperature (°C), Rain (mm), Wind Speed (mph) Heat Cool Avg Mean Deg Deg Wind Dom Day Temp High Time Low Time Days Days Rain Speed High Time Dir ---------------------------------------------------------------------------------- 1 10.3 13.1 13:30 7.9 00:15 8.1 0.0 0.4 0.1 36.0 00:15 SW 2 9.3 13.6 13:45 6.1 23:59 9.0 0.0 0.0 0.0 25.0 00:15 WSW 3 8.8 13.8 17:30 2.8 05:00 9.6 0.0 0.0 0.0 16.0 00:15 W 4 10.5 14.2 15:45 6.2 04:30 7.8 0.0 0.0 0.0 20.0 00:15 WSW 5 5.7 8.7 00:15 2.3 23:45 12.6 0.0 0.4 0.0 22.0 00:15 WSW 6 2.3 6.2 17:45 -1.1 07:15 16.1 0.0 0.8 0.0 26.0 00:15 SW 7 3.2 5.7 13:00 0.9 01:45 15.2 0.0 3.0 0.0 29.0 00:15 WSW 8 3.9 6.4 12:15 1.9 06:30 14.4 0.0 5.4 0.0 20.0 00:15 E 9 5.1 10.2 16:00 1.3 05:45 13.3 0.0 0.4 0.0 26.0 00:15 ESE 10 6.5 10.4 13:15 1.8 03:45 11.8 0.0 0.6 0.5 21.0 21:30 SSE 11 6.6 10.6 13:15 4.2 23:00 11.8 0.0 4.0 7.3 37.0 14:00 S 12 6.7 10.3 16:30 4.3 23:15 11.6 0.0 2.0 8.9 29.0 13:15 SSW 13 5.7 9.7 11:15 2.3 06:30 12.6 0.0 0.6 3.5 18.0 16:45 NW 14 4.2 8.1 14:15 0.0 06:00 14.2 0.0 1.2 6.2 31.0 18:45 WNW 15 4.3 9.6 12:15 0.7 06:30 14.0 0.0 3.8 3.1 22.0 16:15 WSW 16 5.2 8.1 12:30 3.2 19:30 13.2 0.0 3.2 5.6 24.0 13:45 E 17 5.3 8.1 14:00 3.7 06:45 13.0 0.0 0.2 5.5 20.0 15:30 ENE 18 6.9 8.9 10:45 4.8 01:00 11.4 0.0 0.0 10.3 28.0 10:45 ENE 19 7.1 8.2 15:30 6.3 06:00 11.2 0.0 0.0 9.7 27.0 01:00 ENE 20 7.4 8.3 15:30 7.2 00:15 10.9 0.0 0.2 8.2 21.0 00:45 NE 21 8.3 10.2 15:15 7.2 00:15 10.0 0.0 0.0 7.8 24.0 13:00 NNE 22 8.4 11.6 14:45 5.8 23:30 9.9 0.0 0.0 5.0 18.0 00:45 E 23 8.1 12.2 18:30 3.6 07:15 10.2 0.0 3.2 1.3 10.0 08:30 E 24 9.5 14.4 17:15 5.3 05:45 8.8 0.0 1.2 5.6 23.0 17:15 SW 25 10.7 13.9 14:15 6.7 02:30 7.7 0.0 0.2 5.5 19.0 14:30 SSW 26 14.3 20.3 15:30 9.3 06:00 4.2 0.1 0.0 7.4 26.0 13:30 SSE 27 13.3 17.2 12:30 10.7 06:15 5.0 0.0 1.8 3.9 24.0 20:15 SW 28 10.3 14.4 13:30 7.2 05:30 8.0 0.0 0.6 7.1 30.0 14:15 SSE 29 9.0 12.5 12:15 5.3 04:30 9.3 0.0 1.6 5.6 22.0 15:30 ENE 30 9.0 11.6 12:00 7.2 06:00 9.3 0.0 9.6 8.3 24.0 13:15 S ---------------------------------------------------------------------------------- 7.5 20.3 26 -1.1 6 324.2 0.1 44.4 4.2 37.0 11 ESE Max >= 27.0: 0 Max <= 0.0: 0 Min <= 0.0: 2 Min <= -18.0: 0 Max Rain: 9.6 on day 30 Days of Rain: 22 (>= 0.2 mm) 8 (>= 2.0 mm) 0 (>= 20.0 mm) Heat Base: 18.3 Cool Base: 18.3 Method: Integration |
Data updates at regular intervals.