Back to Top

NOAA Climate Reports...


Report for 2019 Nov
                   Monthly Climatological Summary for Nov 2019

Name: www.delerius-weather.com   City: Worsbrough   State: South Yorkshire
Elevation: 42 m  Lat: N 53° 39' 10"   Lon: W 000° 36' 49"

                  Temperature (°C), Rain (mm), Wind Speed (mph)

                                      Heat  Cool        Avg
    Mean                              Deg   Deg         Wind                 Dom
Day Temp  High   Time   Low    Time   Days  Days  Rain  Speed High   Time    Dir
----------------------------------------------------------------------------------
 1  10.2  12.8   18:11   7.1   01:19   8.1   0.0   4.2   4.6  15.0   19:35   SSE
 2   8.6  12.9   00:19   4.7   22:15   9.7   0.0   5.4   4.4  20.0   04:36   SSW
 3   6.9  10.9   13:29   1.9   05:06  10.5   0.0   0.2   1.4  20.0   11:11     W
 4   7.8   9.0   14:49   6.6   02:07  10.5   0.0   3.6   1.2  10.0   19:53   NNE
 5   8.0   9.7   08:00   3.6   23:51  10.3   0.0   1.0   5.2  22.0   15:17     N
 6   3.8   6.2   12:57  -0.8   06:35  14.5   0.0   1.2   2.4  11.0   15:34    SE
 7   6.2   7.0   21:04   5.2   05:20  12.1   0.0  47.2   6.2  26.0   20:56   ENE
 8   5.3   7.3   11:42   1.3   23:52  13.0   0.0   1.4   5.8  23.0   00:04   NNW
 9   2.3   4.8   15:16  -1.1   05:18  16.0   0.0   1.4   1.2  11.0   16:56    NE
16   3.6   7.5   11:58   2.1   05:05   7.4   0.0   1.6  ----  11.0   06:38    NW
17   5.0   6.5   19:33   0.0   19:33   2.5   0.0   0.0   7.6  15.0   08:28   NNW
18   3.9   6.8   13:35   0.7   22:39  14.4   0.0   0.0   7.4  19.0   11:49    NW
19   1.4   3.7   13:29  -1.7   07:17  16.9   0.0   0.0   3.5  14.0   18:52    SE
20   4.5   7.1   12:18   2.5   00:12  13.8   0.0   0.0   4.4  22.0   09:28    SE
21   5.1   6.3   12:18   2.9   06:22  13.2   0.0   0.4   4.1  14.0   11:40     E
22   7.3   8.4   12:48   5.6   00:30  11.0   0.0   1.2   5.3  20.0   11:52   ESE
23   8.5   9.2   16:11   7.9   09:54   9.8   0.0   6.2   7.7  25.0   03:49   ENE
24   8.2   8.9   14:33   7.8   07:44  10.1   0.0   0.0   2.9  12.0   21:00    SE
25   9.1  10.1   14:55   7.5   07:15   9.2   0.0   2.0   5.7  19.0   05:05    SE
26   9.9  11.3   17:49   7.8   23:25   8.4   0.0   0.0   8.1  22.0   12:43   SSE
27   8.3   9.3   11:10   7.3   03:23  10.0   0.0   4.2   8.2  22.0   16:51    NW
28   7.1   9.2   04:46   2.1   23:53  11.2   0.0   0.6  10.0  26.0   14:08    NW
29   3.1   5.9   13:00   0.1   23:28  15.2   0.0   0.0   6.8  15.0   06:51    NW
30   1.8   6.1   14:32  -1.4   03:52  16.5   0.0   0.0   1.3   7.0   01:29   NNE
----------------------------------------------------------------------------------
     6.1  12.9     2    -1.7    19   274.3   0.0  81.8   4.9  26.0     7      NE

Max >=  27.0:  0
Max <=   0.0:  0
Min <=   0.0:  5
Min <= -18.0:  0
Max Rain: 47.2 on day 7
Days of Rain: 16 (>= 0.2 mm)  7 (>= 2.0 mm)  1 (>= 20.0 mm)
Heat Base: 18.3  Cool Base: 18.3  Method: Integration

Data updates at regular intervals.