NOAA Climate Reports...
Select a Month or Yearly Report Report for 2005 Feb Monthly Climatological Summary for February 2005 Name: www.delerius-weather.com City: Winterton State: North Lincolnshire Elevation: 42 m Lat: N 53° 39' 10" Lon: W 000° 36' 49" Temperature (°C), Rain (mm), Wind Speed (mph) Heat Cool Avg Mean Deg Deg Wind Dom Day Temp High Time Low Time Days Days Rain Speed High Time Dir ---------------------------------------------------------------------------------------------------------------------- 1 6.4 8.7 21:15 4 00:15 0 0 0.5 9 12 01:30 NW 2 7.3 8.9 11:45 5.7 00:45 0 0 0 7 12 07:30 NW 3 8.6 12.4 02:30 4.8 21:00 0 0 0 7 9 23:59 W 4 6.7 8.5 23:30 4.8 06:00 0 0 0 11 18 00:15 SW 5 6.5 8.7 00:45 4.3 21:30 0 0 0 9 12 01:45 S 6 5.3 8.9 13:30 1.6 09:30 0 0 0.5 3 10 20:45 SW 7 5.1 9.4 14:15 0.7 00:15 0 0 0.2 10 14 00:15 SE 8 7.8 10 14:00 5.6 20:00 0 0 0.2 12 17 13:45 S 9 7.5 9.2 01:45 5.7 22:15 0 0 0 15 22 22:15 SW 10 5.8 10.9 23:59 0.6 08:00 0 0 0.5 15 23 18:30 W 11 7.3 9.6 23:30 4.9 00:30 0 0 5.8 12 19 23:30 S 12 6.6 11.7 12:45 1.5 23:59 0 0 0.6 30 44 00:45 NW 13 3.6 6.6 13:45 0.5 23:59 0 0 0.2 31 43 19:00 N 14 4.6 8.7 14:00 0.4 07:00 0 0 0.8 31 41 19:30 N 15 2.3 5.9 12:30 -1.3 00:15 0 0 1 12 30 09:00 NE 16 4.6 7.8 20:30 1.4 05:00 0 0 0 9 12 20:45 SW 17 4.2 7.5 07:45 0.8 16:00 0 0 0 7 11 20:15 N 18 5.3 10.6 00:30 0 09:00 0 0 0 15 23 18:45 NW 19 1.9 4.8 15:00 -1 21:30 0 0 0.3 25 38 14:45 NW 20 2.9 6.2 14:00 -0.4 01:00 0 0 3.6 19 34 02:15 N 21 3.0 5.7 14:45 0.2 06:45 0 0 3.8 18 31 23:45 NE 22 2.3 4.7 11:00 -0.1 19:30 0 0 1.3 12 35 03:00 E 23 1.8 3.4 18:30 0.1 11:15 0 0 0.8 14 32 14:15 E 24 2.5 3.2 15:00 1.7 07:15 0 0 3.3 12 25 19:45 E 25 2.6 4.4 14:00 0.8 00:45 0 0 0 10 25 06:30 E 26 4.0 6.4 13:45 1.6 06:00 0 0 1 11 26 00:15 NE 27 0.0 4.6 19:30 -4.5 05:15 0 0 0 7 13 21:45 NE 28 1.7 2.7 15:30 0.6 04:00 0 0 1 12 27 03:00 W ---------------------------------------------------------------------------------------------------------------------- 4.6 12.4 12 -4.5 10 0 0 25.4 13.8 44 11 NW Max >= 27.0: 0 Max <= 0.0: 0 Min <= 0.0: 6 Min <= -18.0: 0 Max Rain: 5.8 on day 11 Days of Rain: 18 (>= 0.2 mm) 4 (>= 2.0 mm) 0 (>= 20.0 mm) Heat Base: 18.3 Cool Base: 18.3 Method: Integration |
Data updates at regular intervals.