NOAA Climate Reports...
Select a Month or Yearly Report Report for 2015 Sep Monthly Climatological Summary for Sep 2015 Name: www.delerius-weather.com City: Winterton State: North Lincolnshire Elevation: 42 m Lat: N 53° 39' 10" Lon: W 000° 36' 49" Temperature (°C), Rain (mm), Wind Speed (mph) Heat Cool Avg Mean Deg Deg Wind Dom Day Temp High Time Low Time Days Days Rain Speed High Time Dir ---------------------------------------------------------------------------------- 1 13.3 18.7 13:30 10.2 06:45 5.0 0.0 3.0 4.7 29.0 15:15 WNW 2 12.8 18.3 14:45 9.8 23:59 5.5 0.0 2.8 3.7 20.0 15:30 WNW 3 12.0 15.4 12:45 8.9 07:00 6.3 0.0 0.0 4.8 19.0 14:00 NW 4 12.7 17.0 16:00 10.6 21:45 5.7 0.0 0.0 5.0 16.0 08:15 WNW 5 12.0 15.2 15:15 6.9 23:59 6.3 0.0 0.6 4.5 24.0 04:00 NNW 6 12.3 19.3 14:30 4.9 06:45 6.2 0.1 0.0 5.1 24.0 17:30 WNW 7 12.6 18.9 17:30 7.4 06:15 5.7 0.0 0.0 1.5 11.0 14:00 NNE 8 10.4 13.9 17:30 5.7 04:15 7.9 0.0 0.0 0.9 14.0 21:15 ESE 9 12.8 16.4 17:00 9.8 06:30 5.6 0.0 0.0 2.9 13.0 15:45 E 10 14.8 21.2 14:15 9.6 00:45 4.1 0.5 0.0 3.7 19.0 14:30 ESE 11 14.4 20.4 15:30 8.8 02:45 4.1 0.2 0.0 6.1 23.0 14:30 ESE 12 13.3 17.5 14:45 7.8 23:59 5.0 0.0 8.0 5.5 26.0 13:30 WNW 13 11.7 17.3 12:15 6.4 02:15 6.7 0.0 0.0 2.0 16.0 13:15 ESE 14 9.9 12.9 18:15 5.1 04:30 8.4 0.0 3.0 2.0 13.0 21:00 S 15 12.5 17.7 14:30 7.3 23:59 5.8 0.0 7.4 4.8 22.0 15:45 WNW 16 10.7 16.5 15:45 6.1 05:45 7.7 0.0 0.0 2.4 12.0 14:15 NW 17 12.2 17.4 14:15 7.5 07:30 6.2 0.0 0.0 5.1 20.0 13:30 W 18 12.7 18.0 16:45 6.9 04:00 5.7 0.0 0.0 1.9 15.0 17:45 NE 19 13.6 20.9 15:30 7.2 04:00 5.2 0.4 0.0 1.8 14.0 17:00 WNW 20 12.6 17.9 11:45 6.6 06:30 5.8 0.0 0.0 3.0 18.0 15:15 SW 21 12.6 15.7 17:00 9.2 22:00 5.7 0.0 1.2 4.8 21.0 15:30 WNW 22 12.8 17.9 17:15 8.8 06:15 5.5 0.0 0.0 4.2 24.0 17:15 WNW 23 13.0 16.7 16:30 9.9 06:00 5.3 0.0 0.0 6.7 23.0 18:00 SSW 24 13.1 16.1 13:00 10.3 07:15 5.3 0.0 0.4 8.9 30.0 13:15 WSW 25 12.3 16.9 16:00 7.9 23:59 6.1 0.0 0.0 7.3 22.0 10:15 WNW 26 10.9 17.8 13:15 5.8 03:30 7.4 0.0 0.0 0.9 11.0 13:45 E 27 9.6 16.8 16:30 3.6 06:30 8.8 0.0 0.0 0.9 10.0 13:30 SE 28 10.2 18.4 16:15 4.0 06:00 8.1 0.0 0.0 1.4 14.0 15:00 ESE 29 10.3 17.8 16:00 4.5 05:45 8.0 0.0 0.0 1.3 11.0 14:45 E 30 11.9 18.7 15:00 5.7 01:30 6.4 0.0 0.0 2.5 20.0 16:15 ESE ---------------------------------------------------------------------------------- 12.2 21.2 10 3.6 27 185.5 1.2 26.4 3.7 30.0 24 W Max >= 27.0: 0 Max <= 0.0: 0 Min <= 0.0: 0 Min <= -18.0: 0 Max Rain: 8.0 on day 12 Days of Rain: 8 (>= 0.2 mm) 5 (>= 2.0 mm) 0 (>= 20.0 mm) Heat Base: 18.3 Cool Base: 18.3 Method: Integration |
Data updates at regular intervals.