NOAA Climate Reports...
Select a Month or Yearly Report Report for 2016 Jul Monthly Climatological Summary for Jul 2016 Name: www.delerius-weather.com City: Winterton State: North Lincolnshire Elevation: 42 m Lat: N 53° 39' 10" Lon: W 000° 36' 49" Temperature (°C), Rain (mm), Wind Speed (mph) Heat Cool Avg Mean Deg Deg Wind Dom Day Temp High Time Low Time Days Days Rain Speed High Time Dir ---------------------------------------------------------------------------------- 1 14.0 18.1 15:45 9.4 23:45 4.3 0.0 1.2 7.0 27.0 16:00 W 2 12.9 17.7 15:15 8.8 04:45 5.4 0.0 0.6 9.4 32.0 15:15 WNW 3 14.7 20.6 14:15 8.8 05:30 4.0 0.3 0.0 5.9 25.0 14:45 NW 4 14.8 21.3 13:45 6.3 04:45 4.0 0.5 1.6 5.3 23.0 11:30 WSW 5 16.2 20.4 14:30 12.1 23:59 2.4 0.2 0.0 10.1 28.0 16:45 W 6 15.5 20.5 16:30 9.3 03:45 3.0 0.2 0.0 4.3 16.0 13:00 SW 7 17.8 21.6 17:00 15.1 04:30 1.2 0.7 0.0 7.3 26.0 14:15 SW 8 16.7 19.9 14:00 13.1 23:59 1.8 0.2 3.2 8.6 30.0 13:00 W 9 17.7 21.6 17:00 12.8 01:00 1.4 0.8 2.4 6.9 28.0 17:15 SSW 10 18.4 21.6 13:45 16.0 23:59 0.5 0.5 2.4 8.8 26.0 13:30 SW 11 16.6 20.1 14:15 14.1 23:45 1.9 0.1 0.0 10.9 34.0 11:45 W 12 15.6 19.5 13:45 11.6 23:59 2.8 0.1 0.0 5.3 19.0 19:30 WNW 13 14.6 18.8 13:45 10.7 03:45 3.8 0.0 0.0 8.0 26.0 12:30 WNW 14 15.8 22.1 15:15 10.3 05:15 3.2 0.7 0.0 6.5 20.0 15:45 W 15 15.7 20.4 18:15 10.1 02:45 2.9 0.4 1.4 4.8 27.0 23:45 WSW 16 18.1 20.5 14:00 15.0 23:59 0.6 0.3 0.0 7.7 22.0 00:15 WNW 17 18.4 23.8 15:15 14.0 23:59 1.4 1.6 0.0 8.1 28.0 18:15 NE 18 21.3 27.4 14:30 12.9 01:15 1.1 4.1 0.0 2.4 18.0 10:15 SW 19 24.9 31.1 16:15 15.8 05:30 0.3 6.9 0.0 4.5 18.0 11:45 SE 20 23.0 28.0 15:45 18.2 23:59 0.0 4.7 0.0 5.2 22.0 14:30 W 21 19.3 23.7 12:00 14.3 05:00 0.8 1.8 0.0 3.5 15.0 10:00 WNW 22 20.4 24.8 14:00 16.6 04:45 0.3 2.4 0.0 1.4 11.0 13:45 NNW 23 20.9 25.6 17:00 15.2 06:00 0.4 3.0 0.0 2.5 13.0 16:30 WNW 24 18.7 22.7 11:15 14.2 05:45 0.9 1.3 0.2 4.2 18.0 18:45 W 25 16.5 19.6 16:15 12.1 23:59 1.9 0.1 0.0 6.5 24.0 11:15 W 26 16.8 20.8 15:45 11.6 00:45 2.1 0.5 0.0 4.8 26.0 13:45 SSW 27 18.4 23.0 13:00 13.1 23:59 1.2 1.3 0.4 8.6 25.0 07:45 WNW 28 14.9 18.8 10:15 11.6 04:45 3.4 0.0 1.6 2.9 20.0 14:15 SSE 29 16.2 18.8 14:15 13.3 23:59 2.2 0.0 3.0 2.5 20.0 09:15 WNW 30 15.6 20.7 15:30 10.7 06:15 3.1 0.3 0.0 6.0 25.0 15:30 W 31 15.8 20.1 13:00 11.7 06:30 2.7 0.3 0.0 7.6 24.0 14:15 W ---------------------------------------------------------------------------------- 17.3 31.1 19 6.3 4 65.0 33.3 18.0 6.0 34.0 11 W Max >= 27.0: 3 Max <= 0.0: 0 Min <= 0.0: 0 Min <= -18.0: 0 Max Rain: 3.2 on day 8 Days of Rain: 11 (>= 0.2 mm) 4 (>= 2.0 mm) 0 (>= 20.0 mm) Heat Base: 18.3 Cool Base: 18.3 Method: Integration |
Data updates at regular intervals.