NOAA Climate Reports...
Select a Month or Yearly Report Report for 2004 Jun Monthly Climatological Summary for June 2004 Name: www.delerius-weather.com City: Winterton State: North Lincolnshire Elevation: 42 m Lat: N 53° 39' 10" Lon: W 000° 36' 49" Temperature (°C), Rain (mm), Wind Speed (mph) Heat Cool Avg Mean Deg Deg Wind Dom Day Temp High Time Low Time Days Days Rain Speed High Time Dir ---------------------------------------------------------------------------------------------------------------------- 1 12.9 18.5 21:15 7.3 00:15 0 0 0.5 3 6 01:30 NE 2 12.6 18.7 11:45 6.5 00:45 0 0 0.2 16 25 07:30 NE 3 13.6 15.4 02:30 11.8 21:00 0 0 3.2 8 12 23:59 W 4 14.8 21.4 23:30 8.1 06:00 0 0 0 13 20 00:15 NW 5 17.6 20.9 00:45 14.2 21:30 0 0 0 5 12 01:45 NW 6 19.7 25.8 13:30 13.5 09:30 0 0 0 6 12 20:45 W 7 21.2 28.7 14:15 13.6 00:15 0 0 0 7 12 00:15 W 8 19.3 24.5 14:00 14 20:00 0 0 0 12 15 13:45 SE 9 19.6 25.4 01:45 13.8 22:15 0 0 0 13 16 22:15 W 10 19.1 25.9 23:59 12.3 08:00 0 0 0 18 25 18:30 W 11 16.4 21.3 23:30 11.4 00:30 0 0 0 17 27 23:30 NW 12 13.9 20.4 12:45 7.3 23:59 0 0 0 16 30 00:45 NE 13 21.0 26.8 13:45 15.1 23:59 0 0 0 13 20 19:00 W 14 20.6 26.7 14:00 14.4 07:00 0 0 0 12 26 19:30 W 15 16.2 22.6 12:30 9.7 00:15 0 0 0 10 13 09:00 S 16 18.9 25.2 20:30 12.5 05:00 0 0 0 12 20 20:45 SE 17 14.0 18.4 07:45 9.5 16:00 0 0 0.5 7 12 20:15 N 18 9.1 12.8 00:30 5.3 09:00 0 0 12.5 9 12 18:45 N 19 12.4 17.2 15:00 7.5 21:30 0 0 5.6 10 14 14:45 NW 20 11.9 17.2 14:00 6.5 01:00 0 0 0 4 10 02:15 NW 21 13.0 18.9 14:45 7.1 06:45 0 0 3.2 11 16 23:45 SE 22 17.2 20.6 11:00 13.7 19:30 0 0 0 17 26 03:00 SE 23 14.4 17.5 18:30 11.3 11:15 0 0 13.8 5 12 14:15 NW 24 13.3 16.3 15:00 10.3 07:15 0 0 3.7 6 13 19:45 NW 25 14.6 20.1 14:00 9 00:45 0 0 0 8 14 06:30 SE 26 15.3 18.2 13:45 12.3 06:00 0 0 5 10 15 00:15 SE 27 16.7 24.1 19:30 9.3 05:15 0 0 2.1 11 15 21:45 W 28 16.6 21.6 15:30 11.5 04:00 0 0 0 6 13 03:00 W 29 17.9 21.6 00:15 14.1 10:00 0 0 0 10 18 18:45 SW 30 16.2 21.5 15:30 10.8 02:30 0 0 0.5 15 22 07:00 SW ---------------------------------------------------------------------------------------------------------------------- 16.0 28.7 12 5.3 10 0 0 50.8 10.3 30 11 W Max >= 27.0: 0 Max <= 0.0: 0 Min <= 0.0: 0 Min <= -18.0: 0 Max Rain: 13.8 on day 23 Days of Rain: 12 (>= 0.2 mm) 7 (>= 2.0 mm) 0 (>= 20.0 mm) Heat Base: 18.3 Cool Base: 18.3 Method: Integration |
Data updates at regular intervals.