NOAA Climate Reports...
Select a Month or Yearly Report Report for 2023 Annual Climatological Summary for 2023 Name: www.delerius-weather.com City: Winterton State: North Lincolnshire Elevation: 42 m Lat: N 53° 39' 10" Lon: W 000° 36' 49" Temperature (°C), Heat Base: 18.3 Cool Base: 18.3 Dep. Heat Cool Max Max Min Min Mean Mean From Deg Deg >= <= <= <= YR MO Max Min Mean Norm Days Days Hi Date Low Date 27.0 0.0 0.0 -18.0 ------------------------------------------------------------------------------------ 23 1 7.9 2.5 5.2 0.0 405 0 12.9 10 -4.2 22 0 0 11 0 23 2 9.7 4.0 6.8 0.0 321 0 13.8 17 -1.7 7 0 0 5 0 23 3 9.8 3.7 6.7 0.0 356 0 15.1 17 -3.3 15 0 0 5 0 23 4 12.3 4.9 8.3 0.0 298 0 17.0 29 -0.1 4 0 0 1 0 23 5 16.6 8.3 12.4 0.0 185 1 22.4 27 4.6 3 0 0 0 0 23 6 20.5 11.9 16.0 0.0 85 16 29.6 25 6.9 3 1 0 0 0 23 7 19.9 12.3 15.9 0.0 87 12 26.9 7 9.4 4 0 0 0 0 23 8 20.4 12.7 16.3 0.0 81 19 28.0 10 9.0 31 1 0 0 0 23 9 20.8 12.7 16.4 0.0 82 24 29.6 9 7.8 22 3 0 0 0 23 10 14.7 9.2 11.8 0.0 175 2 21.7 9 2.3 15 0 0 0 0 23 11 9.7 4.9 7.3 0.0 314 0 14.2 18 -0.6 29 0 0 2 0 23 12 8.8 4.3 6.7 0.0 358 0 14.6 24 -4.3 2 0 1 4 0 ------------------------------------------------------------------------------------ 14.3 7.6 10.8 0.0 2751 75 29.6 Jun -4.3 Dec 5 1 28 0 Precipitation (mm) Dep. Max Days of Rain From Obs. >= YR MO Total Norm Day Date 0.2 2.0 20.0 --------------------------------------------- 23 1 25.1 0.0 7.2 10 14 4 0 23 2 4.8 0.0 2.0 28 11 1 0 23 3 54.8 0.0 6.6 20 24 9 0 23 4 36.0 0.0 6.0 10 13 7 0 23 5 30.8 0.0 15.2 5 11 4 0 23 6 22.0 0.0 8.0 18 5 3 0 23 7 64.6 0.0 11.2 23 20 14 0 23 8 45.2 0.0 16.0 26 15 5 0 23 9 84.6 0.0 29.6 18 19 8 1 23 10 109.0 0.0 46.8 20 19 12 1 23 11 57.0 0.0 13.2 2 20 8 0 23 12 109.0 0.0 17.4 30 21 11 0 --------------------------------------------- 642.9 0.0 46.8 Oct 192 86 2 Wind Speed (mph) Dom YR MO Avg. Hi Date Dir ------------------------------ 23 1 11.7 48.0 10 SW 23 2 9.9 51.0 17 WSW 23 3 11.0 49.0 13 SSW 23 4 8.2 46.0 11 SE 23 5 6.2 30.0 4 NNE 23 6 7.5 33.0 25 ENE 23 7 9.1 38.0 1 SW 23 8 8.0 32.0 14 SW 23 9 8.3 43.0 20 S 23 10 8.8 44.0 20 SW 23 11 9.4 50.0 13 W 23 12 12.1 55.0 21 SW ------------------------------ 9.2 55.0 Dec SW |
Data updates at regular intervals.