NOAA Climate Reports...
Select a Month or Yearly Report Report for 2023 Apr Monthly Climatological Summary for Apr 2023 Name: www.delerius-weather.com City: Winterton State: North Lincolnshire Elevation: 42 m Lat: N 53° 39' 10" Lon: W 000° 36' 49" Temperature (°C), Rain (mm), Wind Speed (mph) Heat Cool Avg Mean Deg Deg Wind Dom Day Temp High Time Low Time Days Days Rain Speed High Time Dir ---------------------------------------------------------------------------------- 1 7.2 8.8 13:24 6.3 22:19 11.1 0.0 0.0 10.7 22.0 00:43 N 2 6.7 9.3 14:34 2.4 23:54 11.6 0.0 0.0 6.4 16.0 09:52 NE 3 5.8 11.2 15:48 0.7 06:33 12.5 0.0 0.0 4.1 19.0 18:08 E 4 6.8 13.0 16:16 -0.1 06:52 11.5 0.0 0.0 5.8 21.0 12:26 SSE 5 7.5 9.9 11:43 3.1 06:49 10.8 0.0 2.6 8.5 19.0 11:46 S 6 9.5 12.5 12:20 7.3 23:55 8.8 0.0 4.8 10.2 34.0 16:21 W 7 7.6 11.7 17:17 3.6 05:50 10.7 0.0 0.0 6.6 19.0 10:34 NW 8 8.8 14.0 16:04 5.4 00:00 9.5 0.0 0.0 3.0 19.0 18:36 ESE 9 8.8 13.5 16:53 5.2 08:52 9.5 0.0 0.0 6.6 21.0 15:30 SE 10 9.6 13.2 13:06 7.0 23:18 8.7 0.0 6.0 12.9 31.0 17:55 SSW 11 8.4 12.5 14:00 5.7 03:13 9.9 0.0 2.0 15.6 46.0 21:41 SSW 12 6.4 9.6 15:37 3.6 06:49 11.9 0.0 0.8 17.2 36.0 15:45 SSW 13 8.0 11.1 17:47 4.9 02:00 10.3 0.0 0.0 14.8 36.0 13:20 WSW 14 6.3 10.8 14:00 1.8 05:18 12.0 0.0 5.4 4.3 20.0 11:22 SE 15 8.9 13.8 14:43 5.4 07:09 9.4 0.0 1.4 4.9 14.0 10:02 NE 16 10.1 14.6 14:18 5.8 05:04 8.2 0.0 0.0 4.8 22.0 16:32 S 17 10.4 14.1 14:46 6.9 23:22 7.9 0.0 0.0 5.7 20.0 13:02 ENE 18 9.4 14.1 13:36 6.7 06:57 8.8 0.0 0.0 10.0 27.0 17:38 NE 19 9.5 13.3 14:12 7.1 23:55 8.7 0.0 0.0 11.0 33.0 14:29 ENE 20 9.2 13.4 12:28 5.2 04:13 9.1 0.0 0.0 11.8 34.0 14:43 NE 21 9.0 10.8 09:24 8.1 00:00 9.3 0.0 0.2 9.6 31.0 09:13 NE 22 9.9 13.4 16:08 7.9 23:46 8.4 0.0 1.8 8.0 24.0 17:05 SSW 23 8.3 11.0 17:31 6.9 23:57 10.0 0.0 5.8 6.7 24.0 21:51 N 24 6.3 9.2 13:12 2.7 23:29 12.0 0.0 0.0 11.5 27.0 13:16 NW 25 5.0 10.6 17:17 0.6 04:48 13.2 0.0 0.0 7.5 19.0 08:41 NNW 26 7.3 11.6 18:58 2.8 05:16 11.0 0.0 0.0 4.2 14.0 11:22 S 27 7.7 12.8 14:26 2.2 05:31 10.6 0.0 1.6 5.9 25.0 17:35 SE 28 8.5 10.8 19:27 6.8 00:27 9.8 0.0 2.8 5.0 18.0 01:07 NE 29 11.0 17.0 14:21 6.2 04:59 7.3 0.0 0.0 4.5 19.0 16:55 ENE 30 12.4 16.9 16:05 8.9 03:52 5.9 0.0 0.8 9.8 26.0 14:55 S ---------------------------------------------------------------------------------- 8.3 17.0 29 -0.1 4 298.4 0.0 36.0 8.2 46.0 11 SSE Max >= 27.0: 0 Max <= 0.0: 0 Min <= 0.0: 1 Min <= -18.0: 0 Max Rain: 6.0 on day 10 Days of Rain: 13 (>= 0.2 mm) 7 (>= 2.0 mm) 0 (>= 20.0 mm) Heat Base: 18.3 Cool Base: 18.3 Method: Integration |
Data updates at regular intervals.