NOAA Climate Reports...
Select a Month or Yearly Report Report for 2023 Oct Monthly Climatological Summary for Oct 2023 Name: www.delerius-weather.com City: Winterton State: North Lincolnshire Elevation: 42 m Lat: N 53° 39' 10" Lon: W 000° 36' 49" Temperature (°C), Rain (mm), Wind Speed (mph) Heat Cool Avg Mean Deg Deg Wind Dom Day Temp High Time Low Time Days Days Rain Speed High Time Dir ---------------------------------------------------------------------------------- 1 17.2 19.1 15:25 13.8 00:00 1.2 0.1 0.6 10.3 23.0 00:07 SSW 2 14.4 16.9 13:22 11.1 23:59 3.9 0.0 7.0 4.3 19.0 23:19 WSW 3 12.5 15.6 13:19 10.1 06:42 5.7 0.0 3.6 11.3 30.0 13:35 WSW 4 13.2 16.6 15:01 10.6 04:29 5.1 0.0 0.0 13.8 32.0 15:26 SW 5 14.0 15.9 15:05 12.2 04:38 4.3 0.0 0.0 12.9 29.0 20:52 SSW 6 17.6 21.3 14:56 14.4 00:17 1.2 0.5 0.0 16.0 32.0 04:07 SW 7 17.0 20.3 18:31 14.8 08:24 1.5 0.2 0.2 8.6 22.0 01:36 SW 8 16.0 19.0 16:10 13.4 04:32 2.3 0.0 0.0 5.0 14.0 18:53 S 9 17.9 21.7 15:33 15.6 23:56 1.0 0.7 0.0 6.4 18.0 05:52 W 10 17.1 21.4 13:42 14.1 02:51 1.8 0.6 0.0 8.9 26.0 17:05 SSW 11 14.0 17.5 09:59 9.1 23:52 4.4 0.0 2.6 10.8 30.0 07:21 WSW 12 9.8 12.8 16:19 5.8 08:14 8.5 0.0 0.0 4.7 13.0 22:48 SW 13 11.9 14.7 13:03 8.4 23:59 6.4 0.0 10.2 9.7 27.0 18:18 WSW 14 8.3 11.9 14:09 4.8 23:56 9.7 0.0 0.0 13.4 30.0 14:51 W 15 6.4 10.9 16:13 2.3 07:01 11.8 0.0 0.0 9.0 21.0 12:12 W 16 6.7 11.4 15:08 3.1 07:44 11.5 0.0 0.0 2.5 7.0 00:13 W 17 10.4 14.0 12:44 7.0 00:19 7.9 0.0 0.2 6.8 26.0 13:53 E 18 12.3 14.8 14:13 10.6 00:00 5.9 0.0 2.4 13.4 37.0 23:29 E 19 14.6 18.1 15:46 11.6 00:00 3.7 0.0 6.2 10.1 36.0 00:02 SE 20 11.7 14.7 02:17 9.9 22:48 6.6 0.0 46.8 15.4 44.0 09:33 ENE 21 9.4 10.8 16:34 8.4 23:55 8.9 0.0 3.2 5.4 13.0 00:11 W 22 9.3 13.1 16:05 6.2 02:37 9.0 0.0 0.0 6.5 18.0 14:10 SW 23 8.5 10.1 11:46 7.1 11:46 23.3 0.0 0.0 2.8 13.0 16:14 E 24 9.2 11.9 00:00 8.5 23:55 1.2 0.0 5.0 8.3 14.0 12:12 NNE 25 9.8 11.4 14:13 7.9 00:00 4.9 0.0 0.4 8.2 15.0 23:29 W 26 9.1 12.2 15:46 8.0 03:25 2.1 0.0 6.8 7.8 22.0 00:02 SE 27 8.9 11.2 14:50 5.5 03:25 3.6 0.0 1.2 8.4 17.0 09:33 ESE 28 9.4 11.6 23:40 5.9 05:40 4.5 0.0 3.2 15.1 23.0 23:15 ESE 29 11.9 14.8 14:40 9.1 02:37 3.9 0.0 1.2 13.1 18.0 09:10 SW 30 9.5 10.6 12:46 7.9 02:15 6.9 0.0 0.8 12.4 22.0 16:14 ENE 31 9.2 10.4 12:34 8.1 04:00 2.9 0.0 7.4 12.6 18.0 15:50 ENE ---------------------------------------------------------------------------------- 11.8 21.7 9 2.3 15 175.6 2.1 109.0 9.2 44.0 20 SW Max >= 27.0: 0 Max <= 0.0: 0 Min <= 0.0: 0 Min <= -18.0: 0 Max Rain: 46.8 on day 20 Days of Rain: 19 (>= 0.2 mm) 12 (>= 2.0 mm) 1 (>= 20.0 mm) Heat Base: 18.3 Cool Base: 18.3 Method: Integration |
Data updates at regular intervals.