Back to Top

NOAA Climate Reports...


Report for 2021 Jun
                   Monthly Climatological Summary for Jun 2021

Name: www.delerius-weather.com   City: Winterton   State: North Lincolnshire
Elevation: 42 m  Lat: N 53° 39' 10"   Lon: W 000° 36' 49"

                  Temperature (°C), Rain (mm), Wind Speed (mph)

                                      Heat  Cool        Avg
    Mean                              Deg   Deg         Wind                 Dom
Day Temp  High   Time   Low    Time   Days  Days  Rain  Speed High   Time    Dir
----------------------------------------------------------------------------------
 1  13.8  21.4   16:48   8.6   04:30   4.9   0.4   0.2   6.7  20.0   18:18     E
 2  14.8  20.6   14:09  10.4   04:46   3.7   0.2   0.0   8.0  22.0   16:11   ENE
 3  15.9  21.9   16:45  11.5   05:24   2.9   0.6   0.0   4.0  13.0   00:47   ENE
 4  14.4  17.7   16:46  10.6   05:10   3.9   0.0   0.0   4.3  15.0   01:26    NW
 5  16.2  22.6   16:07  10.0   04:42   2.9   0.8   0.0   2.1  13.0   17:54   SSE
 6  15.2  17.5   14:11  12.2   23:55   3.1   0.0   1.8   2.8  10.0   10:37    NW
 7  16.7  22.7   15:32  11.1   05:12   2.7   1.1   0.6   4.4  18.0   14:22   SSE
 8  16.7  22.3   15:47  10.4   04:50   2.5   0.9   0.0   4.2  18.0   15:56   WSW
 9  18.6  24.1   15:39  11.9   05:15   1.6   1.9   0.0   6.4  23.0   14:45    SW
10  19.2  22.5   18:24  14.6   04:20   0.4   1.2   0.0   9.9  23.0   13:45    SW
11  18.2  22.2   15:54  12.7   23:44   0.9   0.8   0.0  11.4  28.0   07:57   WSW
12  15.5  20.1   16:05  11.6   03:40   3.1   0.3   0.0   6.8  20.0   07:47     W
13  18.0  24.1   16:24  10.2   04:31   2.3   2.1   0.0   3.7  13.0   12:50   WSW
14  17.0  19.4   00:08  10.4   23:54   1.5   0.1   0.0   9.0  24.0   09:56     W
15  15.3  21.9   17:50   9.1   04:57   3.6   0.6   0.0   4.4  16.0   13:47    SW
16  20.0  26.4   16:01  12.6   05:44   1.4   3.1   0.0   6.7  22.0   14:27   SSW
17  16.3  19.8   16:10  14.4   06:31   2.1   0.1   1.2   4.9  13.0   01:55     N
18  13.9  16.0   09:22  11.3   23:26   4.4   0.0   5.0   5.2  20.0   19:20    NE
19  14.0  18.6   14:42  11.2   00:27   4.3   0.0   0.2   4.7  15.0   17:38   ENE
----------------------------------------------------------------------------------
    16.3  26.4    16     8.6     1    52.2  14.2   9.0   5.7  28.0    11     WSW

Max >=  27.0:  0
Max <=   0.0:  0
Min <=   0.0:  0
Min <= -18.0:  0
Max Rain: 5.0 on day 18
Days of Rain: 6 (>= 0.2 mm)  1 (>= 2.0 mm)  0 (>= 20.0 mm)
Heat Base: 18.3  Cool Base: 18.3  Method: Integration

Data updates at regular intervals.